{"id":50,"date":"2018-05-24T11:14:26","date_gmt":"2018-05-24T11:14:26","guid":{"rendered":"http:\/\/demo.athemes.com\/sydney-temp\/?page_id=2"},"modified":"2019-11-26T13:46:31","modified_gmt":"2019-11-26T16:46:31","slug":"projetos","status":"publish","type":"page","link":"https:\/\/muhna.cua.ufmt.br\/index.php\/projetos\/","title":{"rendered":"Projetos de Pesquisa e Extens\u00e3o do MuHNA"},"content":{"rendered":"\t\t<div data-elementor-type=\"wp-post\" data-elementor-id=\"50\" class=\"elementor elementor-50\">\n\t\t\t\t\t\t<section class=\"elementor-section elementor-top-section elementor-element elementor-element-1e5415b elementor-section-boxed elementor-section-height-default elementor-section-height-default\" data-id=\"1e5415b\" data-element_type=\"section\" data-e-type=\"section\">\n\t\t\t\t\t\t<div class=\"elementor-container elementor-column-gap-default\">\n\t\t\t\t\t<div class=\"elementor-column elementor-col-100 elementor-top-column elementor-element elementor-element-5e70067f\" data-id=\"5e70067f\" data-element_type=\"column\" data-e-type=\"column\">\n\t\t\t<div class=\"elementor-widget-wrap elementor-element-populated\">\n\t\t\t\t\t\t<div class=\"elementor-element elementor-element-1bd945c9 elementor-widget elementor-widget-text-editor\" data-id=\"1bd945c9\" data-element_type=\"widget\" data-e-type=\"widget\" data-widget_type=\"text-editor.default\">\n\t\t\t\t<div class=\"elementor-widget-container\">\n\t\t\t\t\t\t\t\t\t<p>O Museu de Hist\u00f3ria Natural do Araguaia &#8211; MuHNA desenvolve diversos projetos, que se enquadram em duas categorias principais: pesquisa cient\u00edfica e extens\u00e3o.<\/p><p>O projetos de pesquisa buscam o desenvolvimento da ci\u00eancia, com novas descobertas ou elabora\u00e7\u00e3o de novos m\u00e9todos. J\u00e1 a extens\u00e3o s\u00e3o a\u00e7\u00f5es desenvolvidas pelo museu que buscam integrar a sociedade, trazendo-a para dentro do museu.<\/p><blockquote><p>A seguir s\u00e3o apresentados os principais projetos desenvolvidos pelo MuHNA.<\/p><\/blockquote>\t\t\t\t\t\t\t\t<\/div>\n\t\t\t\t<\/div>\n\t\t\t\t\t<\/div>\n\t\t<\/div>\n\t\t\t\t\t<\/div>\n\t\t<\/section>\n\t\t\t\t<section class=\"elementor-section elementor-top-section elementor-element elementor-element-e82f93e elementor-section-boxed elementor-section-height-default elementor-section-height-default\" data-id=\"e82f93e\" data-element_type=\"section\" data-e-type=\"section\">\n\t\t\t\t\t\t<div class=\"elementor-container elementor-column-gap-default\">\n\t\t\t\t\t<div class=\"elementor-column elementor-col-100 elementor-top-column elementor-element elementor-element-6cb21af\" data-id=\"6cb21af\" data-element_type=\"column\" data-e-type=\"column\">\n\t\t\t<div class=\"elementor-widget-wrap elementor-element-populated\">\n\t\t\t\t\t\t<div class=\"elementor-element elementor-element-42c3118 elementor-widget elementor-widget-heading\" data-id=\"42c3118\" data-element_type=\"widget\" data-e-type=\"widget\" data-widget_type=\"heading.default\">\n\t\t\t\t<div class=\"elementor-widget-container\">\n\t\t\t\t\t<h2 class=\"elementor-heading-title elementor-size-default\">Projetos de extens\u00e3o:<\/h2>\t\t\t\t<\/div>\n\t\t\t\t<\/div>\n\t\t\t\t\t<\/div>\n\t\t<\/div>\n\t\t\t\t\t<\/div>\n\t\t<\/section>\n\t\t\t\t<section class=\"elementor-section elementor-top-section elementor-element elementor-element-94296b5 elementor-section-boxed elementor-section-height-default elementor-section-height-default\" data-id=\"94296b5\" data-element_type=\"section\" data-e-type=\"section\">\n\t\t\t\t\t\t<div class=\"elementor-container elementor-column-gap-default\">\n\t\t\t\t\t<div class=\"elementor-column elementor-col-100 elementor-top-column elementor-element elementor-element-a4cc7e3\" data-id=\"a4cc7e3\" data-element_type=\"column\" data-e-type=\"column\">\n\t\t\t<div class=\"elementor-widget-wrap elementor-element-populated\">\n\t\t\t\t\t\t<div class=\"elementor-element elementor-element-95ee214 elementor-widget elementor-widget-text-editor\" data-id=\"95ee214\" data-element_type=\"widget\" data-e-type=\"widget\" data-widget_type=\"text-editor.default\">\n\t\t\t\t<div class=\"elementor-widget-container\">\n\t\t\t\t\t\t\t\t\t<h3>Acervo de zoologia do MuHNA<\/h3><h5>Coordena\u00e7\u00e3o Profa. Dra. M\u00e1rcia Pascotto<\/h5><p>O acervo do museu compreende as cole\u00e7\u00f5es de zoologia, paleontologia e geologia, que est\u00e3o associadas a recursos tecnol\u00f3gicos e permitem a intera\u00e7\u00e3o dos visitantes. O acervo de zoologia re\u00fane invertebrados e vertebrados. Dentre os invertebrados t\u00eam-se exemplares da maioria dos filos animais, dentre exemplares marinhos, de \u00e1guas continentais e terrestres. Os artr\u00f3podes (ex: aranhas, escorpi\u00f5es, crust\u00e1ceos, miri\u00e1podes e insetos) compreendem a maior parte da cole\u00e7\u00e3o. Os vertebrados s\u00e3o provenientes de doa\u00e7\u00f5es e\/ou coletas de animais mortos, v\u00edtimas de atropelamentos em estradas e rodovias, que s\u00e3o constantemente recebidos pelo MuHNA e mantidos em freezer, para posterior prepara\u00e7\u00e3o. No acervo em exposi\u00e7\u00e3o, tem-se exemplares de todos os grupos de vertebrados, dentre peixes, anf\u00edbios, r\u00e9pteis, aves e mam\u00edferos. O acervo compreende animais taxidermizados, esqueletos, ovos, peles, chifres e cascos.<\/p><h3><br \/>Visitas ao MuHNA<\/h3><h5>Coordena\u00e7\u00e3o Profa. Dra. M\u00e1rcia Pascotto<\/h5><p>O museu \u00e9 aberto aos visitantes durante tr\u00eas dias da semana, em hor\u00e1rios definidos, e n\u00e3o h\u00e1 cobran\u00e7a de ingressos. O MuHNA est\u00e1 estruturado, para acesso aos visitantes, em tr\u00eas ambientes: (i) Sala de Exposi\u00e7\u00f5es Interativas (SEI) &#8211; nesse ambiente, est\u00e3o expostos materiais das cole\u00e7\u00f5es de geologia, paleontologia e f\u00f3sseis. Constam, ainda, totens, tablets, pain\u00e9is digitais e mesas interativas, aos quais os visitantes podem explorar para obter mais conhecimentos. (ii) Cinema &#8211; Essa sala est\u00e1 equipada com TV 72&#8243; 3D smart, na qual os visitantes podem assistir o v\u00eddeo institucional e outros document\u00e1rios; (iii) Sala dos Sentidos &#8211; esse ambiente foi especialmente preparado para deficientes visuais, mas, para os visitantes que n\u00e3o possuem tal defici\u00eancia, tamb\u00e9m \u00e9 poss\u00edvel visitar a sala com os olhos vendados. Para as institui\u00e7\u00f5es de ensino e\/ou grupos comunit\u00e1rios, o MuHNA oferece visitas monitoradas, sendo feita a intermedia\u00e7\u00e3o pelos monitores. Durante essas visitas, os monitores recepcionam os visitantes, os conduzem pelo museu e contextualizam o acervo, complementando com o conhecimento cient\u00edfico e uma linguagem mais t\u00e9cnica, adequada para cada s\u00e9rie e\/ou faixa et\u00e1ria dos estudantes.<\/p><h3>Divulga\u00e7\u00e3o Cient\u00edfica<\/h3><h5>Coordena\u00e7\u00e3o Prof. Dr. Augusto Bozz<\/h5><p>Considerando que a miss\u00e3o do MuNHA consiste em estimular o conhecimento e promover os saberes sobre a biodiversidade a partir da inclus\u00e3o social, da inova\u00e7\u00e3o, da democratiza\u00e7\u00e3o da ci\u00eancia e da intera\u00e7\u00e3o participativa, para citar alguns dos valores nos quais o museu orienta suas a\u00e7\u00f5es, o projeto tem como objetivos: 1) Traduzir a identidade do museu a partir de mensagens-chave; 2) Estabelecer um bom relacionamento com a imprensa para divulgar a\u00e7\u00f5es institucionais em ve\u00edculos estrat\u00e9gicos; 3) Contribuir com a divulga\u00e7\u00e3o cient\u00edfica a partir de produtos jornal\u00edsticos especializados; 4) Gerenciar o fluxo comunicacional entre o museu e seus diversos p\u00fablicos; 5) Implantar o planejamento estrat\u00e9gico de comunica\u00e7\u00e3o.<\/p><h3>Projeto Litoteca<\/h3><h5>Coordena\u00e7\u00e3o Prof. Dr. Silvio Colturato<\/h5><p>O Projeto Litoteca (\u201clithos\u201d=rocha, &#8220;teca&#8221;=armazenamento) \u00e9 um local de reserva e exposi\u00e7\u00e3o de minerais, rochas e f\u00f3sseis, bem como do compartilhamento de conhecimento acerca desses materiais, uma \u201cbiblioteca de rochas\u201d. Estas cole\u00e7\u00f5es did\u00e1ticas de minerais, rochas e f\u00f3sseis s\u00e3o usadas para a educa\u00e7\u00e3o de crian\u00e7as, jovens e adultos. Al\u00e9m disso, tamb\u00e9m produz atividades te\u00f3rico-pr\u00e1ticas e l\u00fadicas com minerais, rochas e f\u00f3sseis. Atualmente, o projeto tamb\u00e9m empresta e mant\u00e9m as cole\u00e7\u00f5es geol\u00f3gicas e paleontol\u00f3gicas que est\u00e3o em exposi\u00e7\u00e3o no museu, com a\u00e7\u00f5es de prepara\u00e7\u00e3o e cataloga\u00e7\u00e3o dos f\u00f3sseis. O projeto ainda presta servi\u00e7os de capacita\u00e7\u00e3o para os monitores do museu.<\/p><h3>Oficina de Pe\u00e7as Anat\u00f4micas<\/h3><h5>Coordena\u00e7\u00e3o Profa. Dra. Luana Ramos<\/h5><p>O projeto Oficina de Pe\u00e7as Anat\u00f4micas (OPA) trabalha com o preparo e restauro de pe\u00e7as anat\u00f4micas, tanto humanas quanto dos animais para o museu. Nela s\u00e3o feitos processos de taxidermia, que preparam animais, sua pele e seu esqueleto para exposi\u00e7\u00e3o e estudos. Al\u00e9m disso, o projeto trabalha de maneira democr\u00e1tica, dando mais liberdade aos alunos, que podem sugerir desde t\u00e9cnicas at\u00e9 solu\u00e7\u00f5es para problemas de restaura\u00e7\u00e3o com pe\u00e7as, os integrantes do OPA tamb\u00e9m podem escolher trabalhar com o que se sentem mais confort\u00e1veis.<\/p><h3>Projeto digital do MuHNA<\/h3><h5>Coordena\u00e7\u00e3o Prof. Dr. Ivairton Santos<\/h5><p>O Projeto Digital do MuHNA est\u00e1 em sua terceira edi\u00e7\u00e3o. Gradativamente o projeto tem proposto, desenvolvido, implementado e aprimorado diferentes recursos tecnol\u00f3gicos que d\u00e3o suporte \u00e0 equipe do MuHNA e principalmente que proporcionam experi\u00eancias, educa\u00e7\u00e3o e forma\u00e7\u00e3o aos visitantes do museu. O MuHNA possui cole\u00e7\u00f5es de zoologia, paleontologia e geologia, que est\u00e3o associadas a recursos tecnol\u00f3gicos, que permitem a intera\u00e7\u00e3o dos visitantes, com destaque para totens interativos, cinema 3D, intera\u00e7\u00e3o com animais da fauna do cerrado modelados em 3 dimens\u00f5es e aplicativos com jogos educativos. O cont\u00ednuo desenvolvimento e manuten\u00e7\u00e3o\/aprimoramento dos sistemas digitais do museu \u00e9 importante, pois busca proporcionar uma experi\u00eancia fascinante e envolvente para o visitante.<\/p>\t\t\t\t\t\t\t\t<\/div>\n\t\t\t\t<\/div>\n\t\t\t\t\t<\/div>\n\t\t<\/div>\n\t\t\t\t\t<\/div>\n\t\t<\/section>\n\t\t\t\t<\/div>\n\t\t","protected":false},"excerpt":{"rendered":"<p>O Museu de Hist\u00f3ria Natural do Araguaia &#8211; MuHNA desenvolve diversos projetos, que se enquadram em duas categorias principais: pesquisa cient\u00edfica e [&hellip;]<\/p>\n","protected":false},"author":1,"featured_media":0,"parent":0,"menu_order":0,"comment_status":"closed","ping_status":"open","template":"","meta":{"_monsterinsights_skip_tracking":false,"_monsterinsights_sitenote_active":false,"_monsterinsights_sitenote_note":"","_monsterinsights_sitenote_category":0,"footnotes":""},"class_list":["post-50","page","type-page","status-publish","hentry"],"yoast_head":"<!-- This site is optimized with the Yoast SEO plugin v25.0 - https:\/\/yoast.com\/wordpress\/plugins\/seo\/ -->\n<title>Projetos de Pesquisa e Extens\u00e3o do MuHNA - MuHNA<\/title>\n<meta name=\"robots\" content=\"index, follow, max-snippet:-1, max-image-preview:large, max-video-preview:-1\" \/>\n<link rel=\"canonical\" href=\"https:\/\/muhna.cua.ufmt.br\/index.php\/projetos\/\" \/>\n<meta property=\"og:locale\" content=\"pt_BR\" \/>\n<meta property=\"og:type\" content=\"article\" \/>\n<meta property=\"og:title\" content=\"Projetos de Pesquisa e Extens\u00e3o do MuHNA - MuHNA\" \/>\n<meta property=\"og:description\" content=\"O Museu de Hist\u00f3ria Natural do Araguaia &#8211; MuHNA desenvolve diversos projetos, que se enquadram em duas categorias principais: pesquisa cient\u00edfica e [&hellip;]\" \/>\n<meta property=\"og:url\" content=\"https:\/\/muhna.cua.ufmt.br\/index.php\/projetos\/\" \/>\n<meta property=\"og:site_name\" content=\"MuHNA\" \/>\n<meta property=\"article:publisher\" content=\"https:\/\/www.facebook.com\/MuHNA.UFMT\/\" \/>\n<meta property=\"article:modified_time\" content=\"2019-11-26T16:46:31+00:00\" \/>\n<meta name=\"twitter:card\" content=\"summary_large_image\" \/>\n<meta name=\"twitter:label1\" content=\"Est. tempo de leitura\" \/>\n\t<meta name=\"twitter:data1\" content=\"5 minutos\" \/>\n<script type=\"application\/ld+json\" class=\"yoast-schema-graph\">{\"@context\":\"https:\/\/schema.org\",\"@graph\":[{\"@type\":\"WebPage\",\"@id\":\"https:\/\/muhna.cua.ufmt.br\/index.php\/projetos\/\",\"url\":\"https:\/\/muhna.cua.ufmt.br\/index.php\/projetos\/\",\"name\":\"Projetos de Pesquisa e Extens\u00e3o do MuHNA - MuHNA\",\"isPartOf\":{\"@id\":\"https:\/\/muhna.cua.ufmt.br\/#website\"},\"datePublished\":\"2018-05-24T11:14:26+00:00\",\"dateModified\":\"2019-11-26T16:46:31+00:00\",\"breadcrumb\":{\"@id\":\"https:\/\/muhna.cua.ufmt.br\/index.php\/projetos\/#breadcrumb\"},\"inLanguage\":\"pt-BR\",\"potentialAction\":[{\"@type\":\"ReadAction\",\"target\":[\"https:\/\/muhna.cua.ufmt.br\/index.php\/projetos\/\"]}]},{\"@type\":\"BreadcrumbList\",\"@id\":\"https:\/\/muhna.cua.ufmt.br\/index.php\/projetos\/#breadcrumb\",\"itemListElement\":[{\"@type\":\"ListItem\",\"position\":1,\"name\":\"In\u00edcio\",\"item\":\"https:\/\/muhna.cua.ufmt.br\/\"},{\"@type\":\"ListItem\",\"position\":2,\"name\":\"Projetos de Pesquisa e Extens\u00e3o do MuHNA\"}]},{\"@type\":\"WebSite\",\"@id\":\"https:\/\/muhna.cua.ufmt.br\/#website\",\"url\":\"https:\/\/muhna.cua.ufmt.br\/\",\"name\":\"MuHNA\",\"description\":\"Museu de Hist\u00f3ria Natural do Araguaia\",\"publisher\":{\"@id\":\"https:\/\/muhna.cua.ufmt.br\/#organization\"},\"potentialAction\":[{\"@type\":\"SearchAction\",\"target\":{\"@type\":\"EntryPoint\",\"urlTemplate\":\"https:\/\/muhna.cua.ufmt.br\/?s={search_term_string}\"},\"query-input\":{\"@type\":\"PropertyValueSpecification\",\"valueRequired\":true,\"valueName\":\"search_term_string\"}}],\"inLanguage\":\"pt-BR\"},{\"@type\":\"Organization\",\"@id\":\"https:\/\/muhna.cua.ufmt.br\/#organization\",\"name\":\"Museu de Hist\u00f3ria Natural do Araguaia - MuHNA\",\"url\":\"https:\/\/muhna.cua.ufmt.br\/\",\"logo\":{\"@type\":\"ImageObject\",\"inLanguage\":\"pt-BR\",\"@id\":\"https:\/\/muhna.cua.ufmt.br\/#\/schema\/logo\/image\/\",\"url\":\"http:\/\/muhna.cua.ufmt.br\/wp-content\/uploads\/2019\/08\/logo.png\",\"contentUrl\":\"http:\/\/muhna.cua.ufmt.br\/wp-content\/uploads\/2019\/08\/logo.png\",\"width\":424,\"height\":87,\"caption\":\"Museu de Hist\u00f3ria Natural do Araguaia - MuHNA\"},\"image\":{\"@id\":\"https:\/\/muhna.cua.ufmt.br\/#\/schema\/logo\/image\/\"},\"sameAs\":[\"https:\/\/www.facebook.com\/MuHNA.UFMT\/\",\"https:\/\/www.instagram.com\/muhna.ufmt\/\",\"https:\/\/www.youtube.com\/playlist?list=PLiOtZ8JoUebVQKPG7W7I2272_OZzbYTy_\"]}]}<\/script>\n<!-- \/ Yoast SEO plugin. -->","yoast_head_json":{"title":"Projetos de Pesquisa e Extens\u00e3o do MuHNA - MuHNA","robots":{"index":"index","follow":"follow","max-snippet":"max-snippet:-1","max-image-preview":"max-image-preview:large","max-video-preview":"max-video-preview:-1"},"canonical":"https:\/\/muhna.cua.ufmt.br\/index.php\/projetos\/","og_locale":"pt_BR","og_type":"article","og_title":"Projetos de Pesquisa e Extens\u00e3o do MuHNA - MuHNA","og_description":"O Museu de Hist\u00f3ria Natural do Araguaia &#8211; MuHNA desenvolve diversos projetos, que se enquadram em duas categorias principais: pesquisa cient\u00edfica e [&hellip;]","og_url":"https:\/\/muhna.cua.ufmt.br\/index.php\/projetos\/","og_site_name":"MuHNA","article_publisher":"https:\/\/www.facebook.com\/MuHNA.UFMT\/","article_modified_time":"2019-11-26T16:46:31+00:00","twitter_card":"summary_large_image","twitter_misc":{"Est. tempo de leitura":"5 minutos"},"schema":{"@context":"https:\/\/schema.org","@graph":[{"@type":"WebPage","@id":"https:\/\/muhna.cua.ufmt.br\/index.php\/projetos\/","url":"https:\/\/muhna.cua.ufmt.br\/index.php\/projetos\/","name":"Projetos de Pesquisa e Extens\u00e3o do MuHNA - MuHNA","isPartOf":{"@id":"https:\/\/muhna.cua.ufmt.br\/#website"},"datePublished":"2018-05-24T11:14:26+00:00","dateModified":"2019-11-26T16:46:31+00:00","breadcrumb":{"@id":"https:\/\/muhna.cua.ufmt.br\/index.php\/projetos\/#breadcrumb"},"inLanguage":"pt-BR","potentialAction":[{"@type":"ReadAction","target":["https:\/\/muhna.cua.ufmt.br\/index.php\/projetos\/"]}]},{"@type":"BreadcrumbList","@id":"https:\/\/muhna.cua.ufmt.br\/index.php\/projetos\/#breadcrumb","itemListElement":[{"@type":"ListItem","position":1,"name":"In\u00edcio","item":"https:\/\/muhna.cua.ufmt.br\/"},{"@type":"ListItem","position":2,"name":"Projetos de Pesquisa e Extens\u00e3o do MuHNA"}]},{"@type":"WebSite","@id":"https:\/\/muhna.cua.ufmt.br\/#website","url":"https:\/\/muhna.cua.ufmt.br\/","name":"MuHNA","description":"Museu de Hist\u00f3ria Natural do Araguaia","publisher":{"@id":"https:\/\/muhna.cua.ufmt.br\/#organization"},"potentialAction":[{"@type":"SearchAction","target":{"@type":"EntryPoint","urlTemplate":"https:\/\/muhna.cua.ufmt.br\/?s={search_term_string}"},"query-input":{"@type":"PropertyValueSpecification","valueRequired":true,"valueName":"search_term_string"}}],"inLanguage":"pt-BR"},{"@type":"Organization","@id":"https:\/\/muhna.cua.ufmt.br\/#organization","name":"Museu de Hist\u00f3ria Natural do Araguaia - MuHNA","url":"https:\/\/muhna.cua.ufmt.br\/","logo":{"@type":"ImageObject","inLanguage":"pt-BR","@id":"https:\/\/muhna.cua.ufmt.br\/#\/schema\/logo\/image\/","url":"http:\/\/muhna.cua.ufmt.br\/wp-content\/uploads\/2019\/08\/logo.png","contentUrl":"http:\/\/muhna.cua.ufmt.br\/wp-content\/uploads\/2019\/08\/logo.png","width":424,"height":87,"caption":"Museu de Hist\u00f3ria Natural do Araguaia - MuHNA"},"image":{"@id":"https:\/\/muhna.cua.ufmt.br\/#\/schema\/logo\/image\/"},"sameAs":["https:\/\/www.facebook.com\/MuHNA.UFMT\/","https:\/\/www.instagram.com\/muhna.ufmt\/","https:\/\/www.youtube.com\/playlist?list=PLiOtZ8JoUebVQKPG7W7I2272_OZzbYTy_"]}]}},"_links":{"self":[{"href":"https:\/\/muhna.cua.ufmt.br\/index.php\/wp-json\/wp\/v2\/pages\/50","targetHints":{"allow":["GET"]}}],"collection":[{"href":"https:\/\/muhna.cua.ufmt.br\/index.php\/wp-json\/wp\/v2\/pages"}],"about":[{"href":"https:\/\/muhna.cua.ufmt.br\/index.php\/wp-json\/wp\/v2\/types\/page"}],"author":[{"embeddable":true,"href":"https:\/\/muhna.cua.ufmt.br\/index.php\/wp-json\/wp\/v2\/users\/1"}],"replies":[{"embeddable":true,"href":"https:\/\/muhna.cua.ufmt.br\/index.php\/wp-json\/wp\/v2\/comments?post=50"}],"version-history":[{"count":11,"href":"https:\/\/muhna.cua.ufmt.br\/index.php\/wp-json\/wp\/v2\/pages\/50\/revisions"}],"predecessor-version":[{"id":346,"href":"https:\/\/muhna.cua.ufmt.br\/index.php\/wp-json\/wp\/v2\/pages\/50\/revisions\/346"}],"wp:attachment":[{"href":"https:\/\/muhna.cua.ufmt.br\/index.php\/wp-json\/wp\/v2\/media?parent=50"}],"curies":[{"name":"wp","href":"https:\/\/api.w.org\/{rel}","templated":true}]}}