{"id":261,"date":"2019-08-23T10:36:06","date_gmt":"2019-08-23T10:36:06","guid":{"rendered":"http:\/\/comp.cua.ufmt.br\/muhna\/?page_id=261"},"modified":"2025-05-09T09:10:45","modified_gmt":"2025-05-09T12:10:45","slug":"contato-e-visitacao","status":"publish","type":"page","link":"https:\/\/muhna.cua.ufmt.br\/index.php\/contato-e-visitacao\/","title":{"rendered":"Contato e visita\u00e7\u00e3o"},"content":{"rendered":"\t\t<div data-elementor-type=\"wp-post\" data-elementor-id=\"261\" class=\"elementor elementor-261\">\n\t\t\t\t\t\t<section class=\"elementor-section elementor-top-section elementor-element elementor-element-ad83da5 elementor-section-boxed elementor-section-height-default elementor-section-height-default\" data-id=\"ad83da5\" data-element_type=\"section\" data-e-type=\"section\" data-settings=\"{&quot;background_background&quot;:&quot;classic&quot;}\">\n\t\t\t\t\t\t<div class=\"elementor-container elementor-column-gap-default\">\n\t\t\t\t\t<div class=\"elementor-column elementor-col-33 elementor-top-column elementor-element elementor-element-02763b1\" data-id=\"02763b1\" data-element_type=\"column\" data-e-type=\"column\" data-settings=\"{&quot;background_background&quot;:&quot;gradient&quot;}\">\n\t\t\t<div class=\"elementor-widget-wrap elementor-element-populated\">\n\t\t\t\t\t\t<div class=\"elementor-element elementor-element-febf084 elementor-widget elementor-widget-heading\" data-id=\"febf084\" data-element_type=\"widget\" data-e-type=\"widget\" data-widget_type=\"heading.default\">\n\t\t\t\t<div class=\"elementor-widget-container\">\n\t\t\t\t\t<h5 class=\"elementor-heading-title elementor-size-default\">Email para contato:<\/h5>\t\t\t\t<\/div>\n\t\t\t\t<\/div>\n\t\t\t\t<div class=\"elementor-element elementor-element-a931678 elementor-widget elementor-widget-text-editor\" data-id=\"a931678\" data-element_type=\"widget\" data-e-type=\"widget\" data-widget_type=\"text-editor.default\">\n\t\t\t\t<div class=\"elementor-widget-container\">\n\t\t\t\t\t\t\t\t\t<p><a href=\"mailto:muhna.cua@ufmt.br\">muhna.cua@ufmt.br<\/a><\/p>\t\t\t\t\t\t\t\t<\/div>\n\t\t\t\t<\/div>\n\t\t\t\t\t<\/div>\n\t\t<\/div>\n\t\t\t\t<div class=\"elementor-column elementor-col-33 elementor-top-column elementor-element elementor-element-f0cf5a4\" data-id=\"f0cf5a4\" data-element_type=\"column\" data-e-type=\"column\">\n\t\t\t<div class=\"elementor-widget-wrap elementor-element-populated\">\n\t\t\t\t\t\t<div class=\"elementor-element elementor-element-e385896 elementor-widget elementor-widget-heading\" data-id=\"e385896\" data-element_type=\"widget\" data-e-type=\"widget\" data-widget_type=\"heading.default\">\n\t\t\t\t<div class=\"elementor-widget-container\">\n\t\t\t\t\t<h5 class=\"elementor-heading-title elementor-size-default\">Hor\u00e1rio de funcionamento:<\/h5>\t\t\t\t<\/div>\n\t\t\t\t<\/div>\n\t\t\t\t<div class=\"elementor-element elementor-element-60daefc elementor-widget__width-initial elementor-widget elementor-widget-text-editor\" data-id=\"60daefc\" data-element_type=\"widget\" data-e-type=\"widget\" data-widget_type=\"text-editor.default\">\n\t\t\t\t<div class=\"elementor-widget-container\">\n\t\t\t\t\t\t\t\t\t<div>O MuHNA est\u00e1 aberto nas <strong>ter\u00e7as<\/strong>,\u00a0<strong>quintas<\/strong> e <strong>sextas<\/strong> feiras, no per\u00edodo matutino, das 08:00h \u00e0s 11:30h e no per\u00edodo vespertino, das 13:30 \u00e0s 17:00.<\/div><div>A entrada \u00e9 <strong>gratuita<\/strong>!<\/div>\t\t\t\t\t\t\t\t<\/div>\n\t\t\t\t<\/div>\n\t\t\t\t\t<\/div>\n\t\t<\/div>\n\t\t\t\t<div class=\"elementor-column elementor-col-33 elementor-top-column elementor-element elementor-element-777d9d0\" data-id=\"777d9d0\" data-element_type=\"column\" data-e-type=\"column\">\n\t\t\t<div class=\"elementor-widget-wrap elementor-element-populated\">\n\t\t\t\t\t\t<div class=\"elementor-element elementor-element-88680d2 elementor-widget elementor-widget-heading\" data-id=\"88680d2\" data-element_type=\"widget\" data-e-type=\"widget\" data-widget_type=\"heading.default\">\n\t\t\t\t<div class=\"elementor-widget-container\">\n\t\t\t\t\t<h5 class=\"elementor-heading-title elementor-size-default\">Endere\u00e7o:<\/h5>\t\t\t\t<\/div>\n\t\t\t\t<\/div>\n\t\t\t\t<div class=\"elementor-element elementor-element-b996046 elementor-widget elementor-widget-text-editor\" data-id=\"b996046\" data-element_type=\"widget\" data-e-type=\"widget\" data-widget_type=\"text-editor.default\">\n\t\t\t\t<div class=\"elementor-widget-container\">\n\t\t\t\t\t\t\t\t\t<p>Universidade Federal do Mato Grosso &#8211; Campus Universit\u00e1rio do Araguaia.<\/p><p>Avenida Valdon Varj\u00e3o, n\u00ba 6.390 &#8211; Barra do Gar\u00e7as\/Mato Grosso<\/p><p>CEP: 78600-000<\/p>\t\t\t\t\t\t\t\t<\/div>\n\t\t\t\t<\/div>\n\t\t\t\t\t<\/div>\n\t\t<\/div>\n\t\t\t\t\t<\/div>\n\t\t<\/section>\n\t\t\t\t<section class=\"elementor-section elementor-top-section elementor-element elementor-element-abe3d16 elementor-section-boxed elementor-section-height-default elementor-section-height-default\" data-id=\"abe3d16\" data-element_type=\"section\" data-e-type=\"section\">\n\t\t\t\t\t\t<div class=\"elementor-container elementor-column-gap-default\">\n\t\t\t\t\t<div class=\"elementor-column elementor-col-33 elementor-top-column elementor-element elementor-element-11696da\" data-id=\"11696da\" data-element_type=\"column\" data-e-type=\"column\">\n\t\t\t<div class=\"elementor-widget-wrap elementor-element-populated\">\n\t\t\t\t\t\t<div class=\"elementor-element elementor-element-f4efb8a elementor-widget elementor-widget-heading\" data-id=\"f4efb8a\" data-element_type=\"widget\" data-e-type=\"widget\" data-widget_type=\"heading.default\">\n\t\t\t\t<div class=\"elementor-widget-container\">\n\t\t\t\t\t<h5 class=\"elementor-heading-title elementor-size-default\">Agendamento para visitas:<\/h5>\t\t\t\t<\/div>\n\t\t\t\t<\/div>\n\t\t\t\t<div class=\"elementor-element elementor-element-db8c250 elementor-widget elementor-widget-text-editor\" data-id=\"db8c250\" data-element_type=\"widget\" data-e-type=\"widget\" data-widget_type=\"text-editor.default\">\n\t\t\t\t<div class=\"elementor-widget-container\">\n\t\t\t\t\t\t\t\t\t<p>Aos professores e profissionais que desejam agendar visitas, o MuHNA solicita que seja preenchido o <a href=\"https:\/\/muhna.cua.ufmt.br\/index.php\/formulario-visitacao\/\">formul\u00e1rio dispon\u00edvel neste link<\/a>.<\/p><p>A equipe do MuHNA entrar\u00e1 em contato para as provid\u00eancias.<\/p>\t\t\t\t\t\t\t\t<\/div>\n\t\t\t\t<\/div>\n\t\t\t\t\t<\/div>\n\t\t<\/div>\n\t\t\t\t<div class=\"elementor-column elementor-col-66 elementor-top-column elementor-element elementor-element-0f07acc\" data-id=\"0f07acc\" data-element_type=\"column\" data-e-type=\"column\">\n\t\t\t<div class=\"elementor-widget-wrap elementor-element-populated\">\n\t\t\t\t\t\t<div class=\"elementor-element elementor-element-bf23b12 elementor-widget elementor-widget-heading\" data-id=\"bf23b12\" data-element_type=\"widget\" data-e-type=\"widget\" data-widget_type=\"heading.default\">\n\t\t\t\t<div class=\"elementor-widget-container\">\n\t\t\t\t\t<h5 class=\"elementor-heading-title elementor-size-default\">Como chegar:<\/h5>\t\t\t\t<\/div>\n\t\t\t\t<\/div>\n\t\t\t\t<div class=\"elementor-element elementor-element-06a9b99 elementor-widget elementor-widget-google_maps\" data-id=\"06a9b99\" data-element_type=\"widget\" data-e-type=\"widget\" data-widget_type=\"google_maps.default\">\n\t\t\t\t<div class=\"elementor-widget-container\">\n\t\t\t\t\t\t\t<div class=\"elementor-custom-embed\">\n\t\t\t<iframe loading=\"lazy\"\n\t\t\t\t\tsrc=\"https:\/\/maps.google.com\/maps?q=Muhna&#038;t=m&#038;z=15&#038;output=embed&#038;iwloc=near\"\n\t\t\t\t\ttitle=\"Muhna\"\n\t\t\t\t\taria-label=\"Muhna\"\n\t\t\t><\/iframe>\n\t\t<\/div>\n\t\t\t\t\t\t<\/div>\n\t\t\t\t<\/div>\n\t\t\t\t\t<\/div>\n\t\t<\/div>\n\t\t\t\t\t<\/div>\n\t\t<\/section>\n\t\t\t\t<\/div>\n\t\t","protected":false},"excerpt":{"rendered":"<p>Email para contato: muhna.cua@ufmt.br Hor\u00e1rio de funcionamento: O MuHNA est\u00e1 aberto nas ter\u00e7as,\u00a0quintas e sextas feiras, no per\u00edodo matutino, das 08:00h \u00e0s [&hellip;]<\/p>\n","protected":false},"author":1,"featured_media":0,"parent":0,"menu_order":0,"comment_status":"closed","ping_status":"closed","template":"","meta":{"_monsterinsights_skip_tracking":false,"_monsterinsights_sitenote_active":false,"_monsterinsights_sitenote_note":"","_monsterinsights_sitenote_category":0,"footnotes":""},"class_list":["post-261","page","type-page","status-publish","hentry"],"yoast_head":"<!-- This site is optimized with the Yoast SEO plugin v25.0 - https:\/\/yoast.com\/wordpress\/plugins\/seo\/ -->\n<title>Contato e visita\u00e7\u00e3o - MuHNA<\/title>\n<meta name=\"robots\" content=\"index, follow, max-snippet:-1, max-image-preview:large, max-video-preview:-1\" \/>\n<link rel=\"canonical\" href=\"https:\/\/muhna.cua.ufmt.br\/index.php\/contato-e-visitacao\/\" \/>\n<meta property=\"og:locale\" content=\"pt_BR\" \/>\n<meta property=\"og:type\" content=\"article\" \/>\n<meta property=\"og:title\" content=\"Contato e visita\u00e7\u00e3o - MuHNA\" \/>\n<meta property=\"og:description\" content=\"Email para contato: muhna.cua@ufmt.br Hor\u00e1rio de funcionamento: O MuHNA est\u00e1 aberto nas ter\u00e7as,\u00a0quintas e sextas feiras, no per\u00edodo matutino, das 08:00h \u00e0s [&hellip;]\" \/>\n<meta property=\"og:url\" content=\"https:\/\/muhna.cua.ufmt.br\/index.php\/contato-e-visitacao\/\" \/>\n<meta property=\"og:site_name\" content=\"MuHNA\" \/>\n<meta property=\"article:publisher\" content=\"https:\/\/www.facebook.com\/MuHNA.UFMT\/\" \/>\n<meta property=\"article:modified_time\" content=\"2025-05-09T12:10:45+00:00\" \/>\n<meta name=\"twitter:card\" content=\"summary_large_image\" \/>\n<meta name=\"twitter:label1\" content=\"Est. tempo de leitura\" \/>\n\t<meta name=\"twitter:data1\" content=\"1 minuto\" \/>\n<script type=\"application\/ld+json\" class=\"yoast-schema-graph\">{\"@context\":\"https:\/\/schema.org\",\"@graph\":[{\"@type\":\"WebPage\",\"@id\":\"https:\/\/muhna.cua.ufmt.br\/index.php\/contato-e-visitacao\/\",\"url\":\"https:\/\/muhna.cua.ufmt.br\/index.php\/contato-e-visitacao\/\",\"name\":\"Contato e visita\u00e7\u00e3o - MuHNA\",\"isPartOf\":{\"@id\":\"https:\/\/muhna.cua.ufmt.br\/#website\"},\"datePublished\":\"2019-08-23T10:36:06+00:00\",\"dateModified\":\"2025-05-09T12:10:45+00:00\",\"breadcrumb\":{\"@id\":\"https:\/\/muhna.cua.ufmt.br\/index.php\/contato-e-visitacao\/#breadcrumb\"},\"inLanguage\":\"pt-BR\",\"potentialAction\":[{\"@type\":\"ReadAction\",\"target\":[\"https:\/\/muhna.cua.ufmt.br\/index.php\/contato-e-visitacao\/\"]}]},{\"@type\":\"BreadcrumbList\",\"@id\":\"https:\/\/muhna.cua.ufmt.br\/index.php\/contato-e-visitacao\/#breadcrumb\",\"itemListElement\":[{\"@type\":\"ListItem\",\"position\":1,\"name\":\"In\u00edcio\",\"item\":\"https:\/\/muhna.cua.ufmt.br\/\"},{\"@type\":\"ListItem\",\"position\":2,\"name\":\"Contato e visita\u00e7\u00e3o\"}]},{\"@type\":\"WebSite\",\"@id\":\"https:\/\/muhna.cua.ufmt.br\/#website\",\"url\":\"https:\/\/muhna.cua.ufmt.br\/\",\"name\":\"MuHNA\",\"description\":\"Museu de Hist\u00f3ria Natural do Araguaia\",\"publisher\":{\"@id\":\"https:\/\/muhna.cua.ufmt.br\/#organization\"},\"potentialAction\":[{\"@type\":\"SearchAction\",\"target\":{\"@type\":\"EntryPoint\",\"urlTemplate\":\"https:\/\/muhna.cua.ufmt.br\/?s={search_term_string}\"},\"query-input\":{\"@type\":\"PropertyValueSpecification\",\"valueRequired\":true,\"valueName\":\"search_term_string\"}}],\"inLanguage\":\"pt-BR\"},{\"@type\":\"Organization\",\"@id\":\"https:\/\/muhna.cua.ufmt.br\/#organization\",\"name\":\"Museu de Hist\u00f3ria Natural do Araguaia - MuHNA\",\"url\":\"https:\/\/muhna.cua.ufmt.br\/\",\"logo\":{\"@type\":\"ImageObject\",\"inLanguage\":\"pt-BR\",\"@id\":\"https:\/\/muhna.cua.ufmt.br\/#\/schema\/logo\/image\/\",\"url\":\"http:\/\/muhna.cua.ufmt.br\/wp-content\/uploads\/2019\/08\/logo.png\",\"contentUrl\":\"http:\/\/muhna.cua.ufmt.br\/wp-content\/uploads\/2019\/08\/logo.png\",\"width\":424,\"height\":87,\"caption\":\"Museu de Hist\u00f3ria Natural do Araguaia - MuHNA\"},\"image\":{\"@id\":\"https:\/\/muhna.cua.ufmt.br\/#\/schema\/logo\/image\/\"},\"sameAs\":[\"https:\/\/www.facebook.com\/MuHNA.UFMT\/\",\"https:\/\/www.instagram.com\/muhna.ufmt\/\",\"https:\/\/www.youtube.com\/playlist?list=PLiOtZ8JoUebVQKPG7W7I2272_OZzbYTy_\"]}]}<\/script>\n<!-- \/ Yoast SEO plugin. -->","yoast_head_json":{"title":"Contato e visita\u00e7\u00e3o - MuHNA","robots":{"index":"index","follow":"follow","max-snippet":"max-snippet:-1","max-image-preview":"max-image-preview:large","max-video-preview":"max-video-preview:-1"},"canonical":"https:\/\/muhna.cua.ufmt.br\/index.php\/contato-e-visitacao\/","og_locale":"pt_BR","og_type":"article","og_title":"Contato e visita\u00e7\u00e3o - MuHNA","og_description":"Email para contato: muhna.cua@ufmt.br Hor\u00e1rio de funcionamento: O MuHNA est\u00e1 aberto nas ter\u00e7as,\u00a0quintas e sextas feiras, no per\u00edodo matutino, das 08:00h \u00e0s [&hellip;]","og_url":"https:\/\/muhna.cua.ufmt.br\/index.php\/contato-e-visitacao\/","og_site_name":"MuHNA","article_publisher":"https:\/\/www.facebook.com\/MuHNA.UFMT\/","article_modified_time":"2025-05-09T12:10:45+00:00","twitter_card":"summary_large_image","twitter_misc":{"Est. tempo de leitura":"1 minuto"},"schema":{"@context":"https:\/\/schema.org","@graph":[{"@type":"WebPage","@id":"https:\/\/muhna.cua.ufmt.br\/index.php\/contato-e-visitacao\/","url":"https:\/\/muhna.cua.ufmt.br\/index.php\/contato-e-visitacao\/","name":"Contato e visita\u00e7\u00e3o - MuHNA","isPartOf":{"@id":"https:\/\/muhna.cua.ufmt.br\/#website"},"datePublished":"2019-08-23T10:36:06+00:00","dateModified":"2025-05-09T12:10:45+00:00","breadcrumb":{"@id":"https:\/\/muhna.cua.ufmt.br\/index.php\/contato-e-visitacao\/#breadcrumb"},"inLanguage":"pt-BR","potentialAction":[{"@type":"ReadAction","target":["https:\/\/muhna.cua.ufmt.br\/index.php\/contato-e-visitacao\/"]}]},{"@type":"BreadcrumbList","@id":"https:\/\/muhna.cua.ufmt.br\/index.php\/contato-e-visitacao\/#breadcrumb","itemListElement":[{"@type":"ListItem","position":1,"name":"In\u00edcio","item":"https:\/\/muhna.cua.ufmt.br\/"},{"@type":"ListItem","position":2,"name":"Contato e visita\u00e7\u00e3o"}]},{"@type":"WebSite","@id":"https:\/\/muhna.cua.ufmt.br\/#website","url":"https:\/\/muhna.cua.ufmt.br\/","name":"MuHNA","description":"Museu de Hist\u00f3ria Natural do Araguaia","publisher":{"@id":"https:\/\/muhna.cua.ufmt.br\/#organization"},"potentialAction":[{"@type":"SearchAction","target":{"@type":"EntryPoint","urlTemplate":"https:\/\/muhna.cua.ufmt.br\/?s={search_term_string}"},"query-input":{"@type":"PropertyValueSpecification","valueRequired":true,"valueName":"search_term_string"}}],"inLanguage":"pt-BR"},{"@type":"Organization","@id":"https:\/\/muhna.cua.ufmt.br\/#organization","name":"Museu de Hist\u00f3ria Natural do Araguaia - MuHNA","url":"https:\/\/muhna.cua.ufmt.br\/","logo":{"@type":"ImageObject","inLanguage":"pt-BR","@id":"https:\/\/muhna.cua.ufmt.br\/#\/schema\/logo\/image\/","url":"http:\/\/muhna.cua.ufmt.br\/wp-content\/uploads\/2019\/08\/logo.png","contentUrl":"http:\/\/muhna.cua.ufmt.br\/wp-content\/uploads\/2019\/08\/logo.png","width":424,"height":87,"caption":"Museu de Hist\u00f3ria Natural do Araguaia - MuHNA"},"image":{"@id":"https:\/\/muhna.cua.ufmt.br\/#\/schema\/logo\/image\/"},"sameAs":["https:\/\/www.facebook.com\/MuHNA.UFMT\/","https:\/\/www.instagram.com\/muhna.ufmt\/","https:\/\/www.youtube.com\/playlist?list=PLiOtZ8JoUebVQKPG7W7I2272_OZzbYTy_"]}]}},"_links":{"self":[{"href":"https:\/\/muhna.cua.ufmt.br\/index.php\/wp-json\/wp\/v2\/pages\/261","targetHints":{"allow":["GET"]}}],"collection":[{"href":"https:\/\/muhna.cua.ufmt.br\/index.php\/wp-json\/wp\/v2\/pages"}],"about":[{"href":"https:\/\/muhna.cua.ufmt.br\/index.php\/wp-json\/wp\/v2\/types\/page"}],"author":[{"embeddable":true,"href":"https:\/\/muhna.cua.ufmt.br\/index.php\/wp-json\/wp\/v2\/users\/1"}],"replies":[{"embeddable":true,"href":"https:\/\/muhna.cua.ufmt.br\/index.php\/wp-json\/wp\/v2\/comments?post=261"}],"version-history":[{"count":61,"href":"https:\/\/muhna.cua.ufmt.br\/index.php\/wp-json\/wp\/v2\/pages\/261\/revisions"}],"predecessor-version":[{"id":708,"href":"https:\/\/muhna.cua.ufmt.br\/index.php\/wp-json\/wp\/v2\/pages\/261\/revisions\/708"}],"wp:attachment":[{"href":"https:\/\/muhna.cua.ufmt.br\/index.php\/wp-json\/wp\/v2\/media?parent=261"}],"curies":[{"name":"wp","href":"https:\/\/api.w.org\/{rel}","templated":true}]}}